a composite number?
False
Let s(k) = -16050*k - 9. Is s(-1) a prime number?
False
Let h = -10195 + 14631. Let n = h + -2083. Suppose -5*w + 5*m = -3930, -4*m = -w - 2*w + n. Is w prime?
False
Suppose -68*a + 32*a + 39*a - 212613 = 0. Is a a prime number?
False
Let y = -22798 + 97337. Is y prime?
False
Let r = -108 - -106. Let b be 331 + (-1 - (r - -1)). Let l = 1772 - b. Is l a composite number?
True
Let s(a) be the first derivative of 9*a**2 + 33*a - 110. Is s(10) a prime number?
False
Let h = 189 - -52196. Is h a composite number?
True
Suppose -j + 26 = -5*y, -5 - 1 = -3*y. Suppose -10*f + 96 = j. Suppose -1923 - 2439 = -f*p. Is p composite?
False
Suppose 9*l = 6 - 15. Let b(a) = a**3 + 7*a**2 + 7*a + 2. Let w be b(-6). Is ((-2)/l)/w*(-1940)/2 a composite number?
True
Let l = -27487 - -94520. Is l prime?
True
Let k(m) = 138*m**2 + 63*m + 83. Is k(30) prime?
True
Suppose -31*m + 2*q + 772511 = -30*m, 3*q = 4*m - 3090059. Is m a prime number?
True
Is ((-28)/98)/((-2)/1217363) composite?
False
Let l = 215 + -220. Is 196 - (-1 + l - -11) prime?
True
Let s(k) = -4*k - 18. Let d be s(-4). Let b be (-1 - d) + (-25)/10*2. Is (-5 - 2 - -3)*937/b a prime number?
True
Let w(n) = 111841*n + 1180. Is w(9) a composite number?
False
Suppose 4*y - 1 = p, 2*p + 2*y - 11 + 3 = 0. Suppose t = -c + 8, -2*c - t - p*t = -18. Let a(f) = 29*f**2 - 4*f + 6. Is a(c) prime?
True
Let y = 955 + -203. Let s be -4 - 6/(-3) - -372. Let p = y - s. Is p a composite number?
True
Let i(j) = 3*j**3 + 2*j**2 - 1. Let a be i(1). Let h(g) be the third derivative of 23*g**5/60 - g**4/8 + 5*g**3/6 + 1675*g**2. Is h(a) a prime number?
False
Suppose 17*q = 22*q - 10. Suppose p + 3*y - 8 = -y, 0 = -5*p + q*y + 128. Let m = p - -161. Is m composite?
True
Let k = 15 + 18. Suppose -k*c = -34*c + 3833. Is c prime?
True
Let s be -3 + (3 - 5 - 9). Is 1 + 27/(-21) + (-12576)/s prime?
False
Let g be 0/(3 - (-2)/(-3)*3). Suppose -2*p - 4*u + 42626 = g, 4*p - 22*u = -20*u + 85252. Is p composite?
False
Suppose 2*z + 1409964 = 10*z + 4*z. Is z a prime number?
True
Suppose 0 = -y - 5*w + 765, 0 = -40*y + 38*y - 4*w + 1554. Is y a prime number?
False
Let v be 92802/(-30) + 6/(-75)*-5. Let p = v + 5920. Is p prime?
False
Suppose 2*f - 288 = -10*f. Suppose -f*k + 29*k - 15 = 0. Is (2*(-1069)/6)/((-1)/k) a prime number?
True
Suppose 73 = -2*q + 5*q - a, 0 = 2*q - 2*a - 54. Suppose q*b + 7563 = 26*b. Is b composite?
False
Is -2 + 4 - -22836 - (10 - 1) prime?
False
Let b(j) = 135*j**2 + 23*j - 44. Let u be b(10). Suppose -132*p + 129*p + u = 0. Is p a prime number?
False
Let d(o) = o**2 + 11*o + 17. Let a be d(-10). Suppose 5*n = 5*b + 3120, -3*n = -a*n - 2*b + 2508. Let x = n + -427. Is x a composite number?
False
Let g be (1 - 87/(-2))*(-8)/(-4). Let o = g - 82. Suppose -51 = -o*v + 40. Is v composite?
False
Suppose 2*m = 12 - 24. Is 663 - -10 - ((m - -3) + 5) a composite number?
True
Let j(x) = x**2 + 8*x + 28. Let o(b) = -14 + 2 + 4 + 11*b + 5. Let y be o(2). Is j(y) composite?
False
Let q = 206154 + -143208. Is q/10 + (-34)/(-85) a composite number?
True
Suppose 295*z = 325*z - 19807530. Is z a composite number?
False
Suppose 4*a - 5*s = 18959, 3*a - 3*s - 1295 = 12931. Is a a composite number?
False
Let p(i) = -228*i - 3. Suppose d + 4*f = -4, d = 5*d - f - 69. Suppose 6*v = -d - 2. Is p(v) prime?
False
Let g(y) = 10*y**2 + 2*y + 191. Let t = -123 - -97. Is g(t) prime?
True
Let v = -185 + 4016. Is v prime?
False
Let g(j) = -2*j**2 + 8*j + 2. Let i be g(6). Let w(u) = u**3 + 23*u**2 - 7*u + 21. Is w(i) a prime number?
True
Suppose 0*a - 2*a + 1062 = 0. Suppose 0 = 58*q - 59*q - 4*r + 32, -3*r + 1 = -5*q. Suppose 0 = p + 4*z - a, 5*p = q*p - 3*z + 529. Is p prime?
True
Let q = 107353 + -63624. Is q composite?
True
Is (31/(-93))/((-140741)/281478 + 2/4) composite?
True
Let w = -8 + 31. Let j = 25 + w. Suppose j*s = 43*s + 3935. Is s a composite number?
False
Let n(s) = -28*s - 40. Let k be n(-13). Let q = k - -10. Suppose -543 = -l + q. Is l composite?
False
Suppose -5684 = 6*y - 18836. Let r = -373 + y. Is r composite?
True
Suppose -39 = 3*k - 57. Suppose -53989 = k*t - 19*t. Is t composite?
False
Let j(c) = -61*c**3 + 11*c**2 - 225*c - 151. Is j(-19) composite?
True
Suppose 2*v + 987402 = 80*v. Is v a prime number?
True
Suppose 0 = -5*p - y + 1036, -p - p - 4*y = -400. Let c be (2/(-3) - -1)*(160 + -169). Is (p - c)*(2 + -1) composite?
False
Suppose 4*u = -74 - 50. Is ((-6)/4)/(u/6262) composite?
True
Let p(f) = f**3 + 7*f**2 + 11*f - 1. Let i be p(-5). Let x be 4/i*555/(-10)*1. Let z = 90 - x. Is z composite?
False
Let y(f) = 118*f**2 + 16*f + 29. Let h be 1 + 2 + 8/8*3. Is y(h) a composite number?
False
Let d be -1 + (0 - -7754 - -6). Let u = 12040 - d. Is u a composite number?
True
Let q(d) = 149*d + 53. Let b be q(-24). Let z = b - -6441. Is z a prime number?
False
Let n = -86504 + 159911. Is n a prime number?
False
Let s(a) = -2*a**2 + 6*a + 12. Let q be s(4). Suppose -m = 4*h - 2460, -5*h + q*h = -4*m - 598. Is h/(-10)*(-4 - 1) a composite number?
False
Suppose 2*f + 4*j - 16618 = 0, -2*f = -5*f - 4*j + 24919. Suppose 2*y = -f + 33927. Is y a prime number?
False
Suppose m = -5*o - 2112 + 6472, o = 3*m + 856. Suppose 0 = -3*d - 3*y - 1830, -y = 5*d + 2159 + o. Let v = d - -1474. Is v a prime number?
False
Is (1*(-2)/(-4))/((-203)/(-198958270)) prime?
False
Let y(h) = -489*h + 2. Let c be y(-4). Let k be (3 + -45)/((-160)/17040). Let t = k - c. Is t a prime number?
False
Let t be (3 - -3) + -2 + -1. Let m(o) = 106*o**3 + 3*o**2 - 2*o. Let j be m(t). Is (j - 1)*17/34 composite?
True
Suppose 5*w - 3 = 3*y, 3*w + 0*w + 5 = -5*y. Let j be 4*(-3 + (4 - 0)). Suppose 3*o + w*o - 1735 = -5*t, 0 = -j*o. Is t composite?
False
Suppose 134*t = 31*t + 5488329 + 8610208. Is t a composite number?
False
Let m(c) be the first derivative of 50*c**3/3 - 5*c**2/2 + 17*c + 30. Let i be m(4). Suppose b + 5*k - 809 = -0*k, -b + i = -k. Is b a prime number?
False
Suppose 3*r - 6*w + 4*w - 73717 = 0, 7*r - 3*w = 172003. Is r a prime number?
True
Suppose -3*f + 2 = u, -1 = -4*f + u - 3. Suppose -7*r - 5*i = -5*r + 25, f = -r + 3*i + 15. Suppose r = 2*a + 2, y - 4*y + 1655 = -2*a. Is y a composite number?
True
Let o(y) = -17*y + 52. Let m be o(8). Let a be 295533/m*4/(-3). Suppose -4*w + h = -4*h - 6234, -a = -3*w - 4*h. Is w prime?
False
Let b(k) = 1 - 145*k - 2 - 7 - 155*k. Let p be b(-14). Let m = p - 2633. Is m a composite number?
False
Let h be (-7 - -2) + (921 - (1 - -7)). Is h/36*109 + (-2)/9 prime?
True
Let t be 1/(3/6) + (-1428 - -6). Let i be (-3)/((-2846)/t - 2/1). Let p = -417 - i. Is p prime?
True
Let c(d) = -6*d**2 - 16*d - 18. Let a(n) = -5*n**2 - 15*n - 18. Let m(g) = -3*a(g) + 2*c(g). Let z be m(13). Let j = z - 21. Is j a prime number?
True
Let v(l) = 187*l**2 + 8*l - 1. Let t be v(5). Suppose -5*c + 28965 = 5*r, c - 1083 - t = -3*r. Is c composite?
False
Let s(v) = -130*v**2 - 9*v + 13. Let l(g) = -128*g**2 - 9*g + 12. Let h(w) = 4*l(w) - 5*s(w). Is h(2) a prime number?
False
Suppose -4*t + 2*t + s + 1945 = 0, 1935 = 2*t + s. Suppose t = 2*f - 3*k, 13 = -2*k + 5. Is f a prime number?
True
Suppose -7*g + 111 = -2*g + 2*q, -3*q - 121 = -5*g. Suppose b - 24*c = -g*c + 158, 0 = 2*c + 2. Is b a prime number?
True
Suppose -19*f + 48*f - 907896 = 538798. Is f a composite number?
True
Let r(p) = -4*p + 10. Let a be r(2). Let v be 4*(249/12 - 2). Let j = v + a. Is j a prime number?
False
Let b(a) = 26*a - 3. Let y be b(13). Let p = y + -715. Let k = p + 717. Is k composite?
False
Let t be (30/8)/((-24)/(-32)). Let z(q) = -6 + 2*q + 45*q**3 + t*q**2 + 3*q**2 + 9 - 7*q**2. Is z(5) a composite number?
True
Suppose 4 = 4*b, 3 = -3*t + 5*b - 17. Let x(m) = -969*m - 14. Is x(t) prime?
True
Let l = -138544 + 258863. Is l composite?
False
Let w = 46051 + -14708. Is w a prime number?
False
Let v be (-2 - (17 - 1))*(-2635)/(-62). Let a = 2422 + v. Is a composite?
False
Let m(v) = -21*v + 39. Let b be 8/(-24) - 8/(-6). Let i(g) = g - 1. Let a(p) = b*m(p) + 4*i(p). Is a(-16) prime?
True
Let v be -11 - -1 - 18/18. Let h = -8 - v. Is 199/h - 12/(-18) a composite number?
False
Suppose -3*j + 82643 = 4*x, -4*x - 22042 + 104706 = -4*j. Is x a prime number?
True
Let f = 3603 + 1677. Let t = -2843 + f. Is t composite?
False
